{"id":3270,"date":"2021-04-05T17:29:53","date_gmt":"2021-04-05T15:29:53","guid":{"rendered":"https:\/\/www.differences-solidaires.ch\/?page_id=3270"},"modified":"2022-03-09T18:41:02","modified_gmt":"2022-03-09T17:41:02","slug":"sci-e-racchette-da-neve","status":"publish","type":"page","link":"https:\/\/www.differences-solidaires.ch\/it\/attivita\/sci-e-racchette-da-neve\/","title":{"rendered":"Sci e racchette da neve"},"content":{"rendered":"<p>[vc_row][vc_column][vc_column_text]<strong><span style=\"color: #ff6600;\">SCIVOLAMENTO E RACCHETTE DA NEVE<\/span><\/strong><\/p>\n<p>Vi offriamo molte attivit\u00e0 invernali nella localit\u00e0 di vostra scelta, purch\u00e9 sia adatta. A seconda dei vostri desideri, delle vostre capacit\u00e0 o della vostra condizione fisica, abbiamo l&#8217;attrezzatura giusta per tutti i vostri desideri.[\/vc_column_text][\/vc_column][\/vc_row][vc_row][vc_column][vc_masonry_grid post_type=&#8221;post&#8221; max_items=&#8221;10&#8243; element_width=&#8221;6&#8243; grid_id=&#8221;vc_gid:1646847624071-4cf16f2c-da75-5&#8243; taxonomies=&#8221;178&#8243;][\/vc_column][\/vc_row]<\/p>\n","protected":false},"excerpt":{"rendered":"<p>[vc_row][vc_column][vc_column_text]SCIVOLAMENTO E RACCHETTE DA NEVE Vi offriamo molte attivit\u00e0 invernali nella localit\u00e0 di vostra scelta, purch\u00e9 sia adatta. A seconda&hellip;<\/p>\n","protected":false},"author":20,"featured_media":3272,"parent":3310,"menu_order":2,"comment_status":"closed","ping_status":"closed","template":"","meta":{"_acf_changed":false,"pgc_meta":"","footnotes":""},"class_list":["post-3270","page","type-page","status-publish","has-post-thumbnail","hentry"],"acf":[],"pgc_meta":"","yoast_head":"<!-- This site is optimized with the Yoast SEO plugin v24.5 - https:\/\/yoast.com\/wordpress\/plugins\/seo\/ -->\n<title>Sci e racchette da neve - Association Diff\u00e9rences Solidaires<\/title>\n<meta name=\"robots\" content=\"index, follow, max-snippet:-1, max-image-preview:large, max-video-preview:-1\" \/>\n<link rel=\"canonical\" href=\"https:\/\/www.differences-solidaires.ch\/it\/attivita\/sci-e-racchette-da-neve\/\" \/>\n<meta property=\"og:locale\" content=\"it_IT\" \/>\n<meta property=\"og:type\" content=\"article\" \/>\n<meta property=\"og:title\" content=\"Sci e racchette da neve - Association Diff\u00e9rences Solidaires\" \/>\n<meta property=\"og:description\" content=\"[vc_row][vc_column][vc_column_text]SCIVOLAMENTO E RACCHETTE DA NEVE Vi offriamo molte attivit\u00e0 invernali nella localit\u00e0 di vostra scelta, purch\u00e9 sia adatta. A seconda&hellip;\" \/>\n<meta property=\"og:url\" content=\"https:\/\/www.differences-solidaires.ch\/it\/attivita\/sci-e-racchette-da-neve\/\" \/>\n<meta property=\"og:site_name\" content=\"Association Diff\u00e9rences Solidaires\" \/>\n<meta property=\"article:modified_time\" content=\"2022-03-09T17:41:02+00:00\" \/>\n<meta property=\"og:image\" content=\"https:\/\/www.differences-solidaires.ch\/wp-content\/uploads\/2018\/12\/IMG_3204-1-e1544128152294-scaled.jpg\" \/>\n\t<meta property=\"og:image:width\" content=\"2560\" \/>\n\t<meta property=\"og:image:height\" content=\"1920\" \/>\n\t<meta property=\"og:image:type\" content=\"image\/jpeg\" \/>\n<meta name=\"twitter:card\" content=\"summary_large_image\" \/>\n<meta name=\"twitter:label1\" content=\"Tempo di lettura stimato\" \/>\n\t<meta name=\"twitter:data1\" content=\"1 minuto\" \/>\n<script type=\"application\/ld+json\" class=\"yoast-schema-graph\">{\"@context\":\"https:\/\/schema.org\",\"@graph\":[{\"@type\":\"WebPage\",\"@id\":\"https:\/\/www.differences-solidaires.ch\/it\/attivita\/sci-e-racchette-da-neve\/\",\"url\":\"https:\/\/www.differences-solidaires.ch\/it\/attivita\/sci-e-racchette-da-neve\/\",\"name\":\"Sci e racchette da neve - Association Diff\u00e9rences Solidaires\",\"isPartOf\":{\"@id\":\"https:\/\/www.differences-solidaires.ch\/it\/#website\"},\"primaryImageOfPage\":{\"@id\":\"https:\/\/www.differences-solidaires.ch\/it\/attivita\/sci-e-racchette-da-neve\/#primaryimage\"},\"image\":{\"@id\":\"https:\/\/www.differences-solidaires.ch\/it\/attivita\/sci-e-racchette-da-neve\/#primaryimage\"},\"thumbnailUrl\":\"https:\/\/www.differences-solidaires.ch\/wp-content\/uploads\/2018\/12\/IMG_3204-1-e1544128152294-scaled.jpg\",\"datePublished\":\"2021-04-05T15:29:53+00:00\",\"dateModified\":\"2022-03-09T17:41:02+00:00\",\"breadcrumb\":{\"@id\":\"https:\/\/www.differences-solidaires.ch\/it\/attivita\/sci-e-racchette-da-neve\/#breadcrumb\"},\"inLanguage\":\"it-IT\",\"potentialAction\":[{\"@type\":\"ReadAction\",\"target\":[\"https:\/\/www.differences-solidaires.ch\/it\/attivita\/sci-e-racchette-da-neve\/\"]}]},{\"@type\":\"ImageObject\",\"inLanguage\":\"it-IT\",\"@id\":\"https:\/\/www.differences-solidaires.ch\/it\/attivita\/sci-e-racchette-da-neve\/#primaryimage\",\"url\":\"https:\/\/www.differences-solidaires.ch\/wp-content\/uploads\/2018\/12\/IMG_3204-1-e1544128152294-scaled.jpg\",\"contentUrl\":\"https:\/\/www.differences-solidaires.ch\/wp-content\/uploads\/2018\/12\/IMG_3204-1-e1544128152294-scaled.jpg\",\"width\":2560,\"height\":1920},{\"@type\":\"BreadcrumbList\",\"@id\":\"https:\/\/www.differences-solidaires.ch\/it\/attivita\/sci-e-racchette-da-neve\/#breadcrumb\",\"itemListElement\":[{\"@type\":\"ListItem\",\"position\":1,\"name\":\"Accueil\",\"item\":\"https:\/\/www.differences-solidaires.ch\/it\/\"},{\"@type\":\"ListItem\",\"position\":2,\"name\":\"Attivita\",\"item\":\"https:\/\/www.differences-solidaires.ch\/it\/attivita\/\"},{\"@type\":\"ListItem\",\"position\":3,\"name\":\"Sci e racchette da neve\"}]},{\"@type\":\"WebSite\",\"@id\":\"https:\/\/www.differences-solidaires.ch\/it\/#website\",\"url\":\"https:\/\/www.differences-solidaires.ch\/it\/\",\"name\":\"Association Diff\u00e9rences Solidaires\",\"description\":\"Activit\u00e9s sportives adapt\u00e9es\",\"potentialAction\":[{\"@type\":\"SearchAction\",\"target\":{\"@type\":\"EntryPoint\",\"urlTemplate\":\"https:\/\/www.differences-solidaires.ch\/it\/?s={search_term_string}\"},\"query-input\":{\"@type\":\"PropertyValueSpecification\",\"valueRequired\":true,\"valueName\":\"search_term_string\"}}],\"inLanguage\":\"it-IT\"}]}<\/script>\n<!-- \/ Yoast SEO plugin. -->","yoast_head_json":{"title":"Sci e racchette da neve - Association Diff\u00e9rences Solidaires","robots":{"index":"index","follow":"follow","max-snippet":"max-snippet:-1","max-image-preview":"max-image-preview:large","max-video-preview":"max-video-preview:-1"},"canonical":"https:\/\/www.differences-solidaires.ch\/it\/attivita\/sci-e-racchette-da-neve\/","og_locale":"it_IT","og_type":"article","og_title":"Sci e racchette da neve - Association Diff\u00e9rences Solidaires","og_description":"[vc_row][vc_column][vc_column_text]SCIVOLAMENTO E RACCHETTE DA NEVE Vi offriamo molte attivit\u00e0 invernali nella localit\u00e0 di vostra scelta, purch\u00e9 sia adatta. A seconda&hellip;","og_url":"https:\/\/www.differences-solidaires.ch\/it\/attivita\/sci-e-racchette-da-neve\/","og_site_name":"Association Diff\u00e9rences Solidaires","article_modified_time":"2022-03-09T17:41:02+00:00","og_image":[{"width":2560,"height":1920,"url":"https:\/\/www.differences-solidaires.ch\/wp-content\/uploads\/2018\/12\/IMG_3204-1-e1544128152294-scaled.jpg","type":"image\/jpeg"}],"twitter_card":"summary_large_image","twitter_misc":{"Tempo di lettura stimato":"1 minuto"},"schema":{"@context":"https:\/\/schema.org","@graph":[{"@type":"WebPage","@id":"https:\/\/www.differences-solidaires.ch\/it\/attivita\/sci-e-racchette-da-neve\/","url":"https:\/\/www.differences-solidaires.ch\/it\/attivita\/sci-e-racchette-da-neve\/","name":"Sci e racchette da neve - Association Diff\u00e9rences Solidaires","isPartOf":{"@id":"https:\/\/www.differences-solidaires.ch\/it\/#website"},"primaryImageOfPage":{"@id":"https:\/\/www.differences-solidaires.ch\/it\/attivita\/sci-e-racchette-da-neve\/#primaryimage"},"image":{"@id":"https:\/\/www.differences-solidaires.ch\/it\/attivita\/sci-e-racchette-da-neve\/#primaryimage"},"thumbnailUrl":"https:\/\/www.differences-solidaires.ch\/wp-content\/uploads\/2018\/12\/IMG_3204-1-e1544128152294-scaled.jpg","datePublished":"2021-04-05T15:29:53+00:00","dateModified":"2022-03-09T17:41:02+00:00","breadcrumb":{"@id":"https:\/\/www.differences-solidaires.ch\/it\/attivita\/sci-e-racchette-da-neve\/#breadcrumb"},"inLanguage":"it-IT","potentialAction":[{"@type":"ReadAction","target":["https:\/\/www.differences-solidaires.ch\/it\/attivita\/sci-e-racchette-da-neve\/"]}]},{"@type":"ImageObject","inLanguage":"it-IT","@id":"https:\/\/www.differences-solidaires.ch\/it\/attivita\/sci-e-racchette-da-neve\/#primaryimage","url":"https:\/\/www.differences-solidaires.ch\/wp-content\/uploads\/2018\/12\/IMG_3204-1-e1544128152294-scaled.jpg","contentUrl":"https:\/\/www.differences-solidaires.ch\/wp-content\/uploads\/2018\/12\/IMG_3204-1-e1544128152294-scaled.jpg","width":2560,"height":1920},{"@type":"BreadcrumbList","@id":"https:\/\/www.differences-solidaires.ch\/it\/attivita\/sci-e-racchette-da-neve\/#breadcrumb","itemListElement":[{"@type":"ListItem","position":1,"name":"Accueil","item":"https:\/\/www.differences-solidaires.ch\/it\/"},{"@type":"ListItem","position":2,"name":"Attivita","item":"https:\/\/www.differences-solidaires.ch\/it\/attivita\/"},{"@type":"ListItem","position":3,"name":"Sci e racchette da neve"}]},{"@type":"WebSite","@id":"https:\/\/www.differences-solidaires.ch\/it\/#website","url":"https:\/\/www.differences-solidaires.ch\/it\/","name":"Association Diff\u00e9rences Solidaires","description":"Activit\u00e9s sportives adapt\u00e9es","potentialAction":[{"@type":"SearchAction","target":{"@type":"EntryPoint","urlTemplate":"https:\/\/www.differences-solidaires.ch\/it\/?s={search_term_string}"},"query-input":{"@type":"PropertyValueSpecification","valueRequired":true,"valueName":"search_term_string"}}],"inLanguage":"it-IT"}]}},"_links":{"self":[{"href":"https:\/\/www.differences-solidaires.ch\/it\/wp-json\/wp\/v2\/pages\/3270","targetHints":{"allow":["GET"]}}],"collection":[{"href":"https:\/\/www.differences-solidaires.ch\/it\/wp-json\/wp\/v2\/pages"}],"about":[{"href":"https:\/\/www.differences-solidaires.ch\/it\/wp-json\/wp\/v2\/types\/page"}],"author":[{"embeddable":true,"href":"https:\/\/www.differences-solidaires.ch\/it\/wp-json\/wp\/v2\/users\/20"}],"replies":[{"embeddable":true,"href":"https:\/\/www.differences-solidaires.ch\/it\/wp-json\/wp\/v2\/comments?post=3270"}],"version-history":[{"count":3,"href":"https:\/\/www.differences-solidaires.ch\/it\/wp-json\/wp\/v2\/pages\/3270\/revisions"}],"predecessor-version":[{"id":5989,"href":"https:\/\/www.differences-solidaires.ch\/it\/wp-json\/wp\/v2\/pages\/3270\/revisions\/5989"}],"up":[{"embeddable":true,"href":"https:\/\/www.differences-solidaires.ch\/it\/wp-json\/wp\/v2\/pages\/3310"}],"wp:featuredmedia":[{"embeddable":true,"href":"https:\/\/www.differences-solidaires.ch\/it\/wp-json\/wp\/v2\/media\/3272"}],"wp:attachment":[{"href":"https:\/\/www.differences-solidaires.ch\/it\/wp-json\/wp\/v2\/media?parent=3270"}],"curies":[{"name":"wp","href":"https:\/\/api.w.org\/{rel}","templated":true}]}}

<p>[vc_row][vc_column][vc_column_text]<strong><span style="color: #ff6600;">SCIVOLAMENTO E RACCHETTE DA NEVE</span></strong></p>
<p>Vi offriamo molte attività invernali nella località di vostra scelta, purché sia adatta. A seconda dei vostri desideri, delle vostre capacità o della vostra condizione fisica, abbiamo l&#8217;attrezzatura giusta per tutti i vostri desideri.[/vc_column_text][/vc_column][/vc_row][vc_row][vc_column][vc_masonry_grid post_type=&#8221;post&#8221; max_items=&#8221;10&#8243; element_width=&#8221;6&#8243; grid_id=&#8221;vc_gid:1646847624071-4cf16f2c-da75-5&#8243; taxonomies=&#8221;178&#8243;][/vc_column][/vc_row]</p>

<p>[vc_row][vc_column][vc_column_text]SCIVOLAMENTO E RACCHETTE DA NEVE Vi offriamo molte attività invernali nella località di vostra scelta, purché sia adatta. A seconda&hellip;</p>

<!-- This site is optimized with the Yoast SEO plugin v24.5 - https://yoast.com/wordpress/plugins/seo/ -->
<title>Sci e racchette da neve - Association Différences Solidaires</title>
<meta name="robots" content="index, follow, max-snippet:-1, max-image-preview:large, max-video-preview:-1" />
<link rel="canonical" href="https://www.differences-solidaires.ch/it/attivita/sci-e-racchette-da-neve/" />
<meta property="og:locale" content="it_IT" />
<meta property="og:type" content="article" />
<meta property="og:title" content="Sci e racchette da neve - Association Différences Solidaires" />
<meta property="og:description" content="[vc_row][vc_column][vc_column_text]SCIVOLAMENTO E RACCHETTE DA NEVE Vi offriamo molte attività invernali nella località di vostra scelta, purché sia adatta. A seconda&hellip;" />
<meta property="og:url" content="https://www.differences-solidaires.ch/it/attivita/sci-e-racchette-da-neve/" />
<meta property="og:site_name" content="Association Différences Solidaires" />
<meta property="article:modified_time" content="2022-03-09T17:41:02+00:00" />
<meta property="og:image" content="https://www.differences-solidaires.ch/wp-content/uploads/2018/12/IMG_3204-1-e1544128152294-scaled.jpg" />
	<meta property="og:image:width" content="2560" />
	<meta property="og:image:height" content="1920" />
	<meta property="og:image:type" content="image/jpeg" />
<meta name="twitter:card" content="summary_large_image" />
<meta name="twitter:label1" content="Tempo di lettura stimato" />
	<meta name="twitter:data1" content="1 minuto" />
<script type="application/ld+json" class="yoast-schema-graph">{"@context":"https://schema.org","@graph":[{"@type":"WebPage","@id":"https://www.differences-solidaires.ch/it/attivita/sci-e-racchette-da-neve/","url":"https://www.differences-solidaires.ch/it/attivita/sci-e-racchette-da-neve/","name":"Sci e racchette da neve - Association Différences Solidaires","isPartOf":{"@id":"https://www.differences-solidaires.ch/it/#website"},"primaryImageOfPage":{"@id":"https://www.differences-solidaires.ch/it/attivita/sci-e-racchette-da-neve/#primaryimage"},"image":{"@id":"https://www.differences-solidaires.ch/it/attivita/sci-e-racchette-da-neve/#primaryimage"},"thumbnailUrl":"https://www.differences-solidaires.ch/wp-content/uploads/2018/12/IMG_3204-1-e1544128152294-scaled.jpg","datePublished":"2021-04-05T15:29:53+00:00","dateModified":"2022-03-09T17:41:02+00:00","breadcrumb":{"@id":"https://www.differences-solidaires.ch/it/attivita/sci-e-racchette-da-neve/#breadcrumb"},"inLanguage":"it-IT","potentialAction":[{"@type":"ReadAction","target":["https://www.differences-solidaires.ch/it/attivita/sci-e-racchette-da-neve/"]}]},{"@type":"ImageObject","inLanguage":"it-IT","@id":"https://www.differences-solidaires.ch/it/attivita/sci-e-racchette-da-neve/#primaryimage","url":"https://www.differences-solidaires.ch/wp-content/uploads/2018/12/IMG_3204-1-e1544128152294-scaled.jpg","contentUrl":"https://www.differences-solidaires.ch/wp-content/uploads/2018/12/IMG_3204-1-e1544128152294-scaled.jpg","width":2560,"height":1920},{"@type":"BreadcrumbList","@id":"https://www.differences-solidaires.ch/it/attivita/sci-e-racchette-da-neve/#breadcrumb","itemListElement":[{"@type":"ListItem","position":1,"name":"Accueil","item":"https://www.differences-solidaires.ch/it/"},{"@type":"ListItem","position":2,"name":"Attivita","item":"https://www.differences-solidaires.ch/it/attivita/"},{"@type":"ListItem","position":3,"name":"Sci e racchette da neve"}]},{"@type":"WebSite","@id":"https://www.differences-solidaires.ch/it/#website","url":"https://www.differences-solidaires.ch/it/","name":"Association Différences Solidaires","description":"Activités sportives adaptées","potentialAction":[{"@type":"SearchAction","target":{"@type":"EntryPoint","urlTemplate":"https://www.differences-solidaires.ch/it/?s={search_term_string}"},"query-input":{"@type":"PropertyValueSpecification","valueRequired":true,"valueName":"search_term_string"}}],"inLanguage":"it-IT"}]}</script>
<!-- / Yoast SEO plugin. -->

Sci e racchette da neve - Association Différences Solidaires

[vc_row][vc_column][vc_column_text]SCIVOLAMENTO E RACCHETTE DA NEVE Vi offriamo molte attività invernali nella località di vostra scelta, purché sia adatta. A seconda&hellip;

Association Différences Solidaires

Activités sportives adaptées
