{"id":6312,"date":"2022-07-02T19:03:59","date_gmt":"2022-07-02T17:03:59","guid":{"rendered":"https:\/\/www.differences-solidaires.ch\/product\/skijacke\/"},"modified":"2022-07-02T19:03:59","modified_gmt":"2022-07-02T17:03:59","slug":"skijacke","status":"publish","type":"product","link":"https:\/\/www.differences-solidaires.ch\/de\/produkt\/skijacke\/","title":{"rendered":"Skijacke"},"content":{"rendered":"","protected":false},"excerpt":{"rendered":"","protected":false},"featured_media":6347,"comment_status":"closed","ping_status":"closed","template":"","meta":{"_acf_changed":false,"pgc_meta":""},"product_brand":[],"product_cat":[395],"product_tag":[],"class_list":{"0":"post-6312","1":"product","2":"type-product","3":"status-publish","4":"has-post-thumbnail","6":"product_cat-ski-kleidung","8":"first","9":"instock","10":"taxable","11":"shipping-taxable","12":"purchasable","13":"product-type-variable"},"acf":[],"yoast_head":"<!-- This site is optimized with the Yoast SEO plugin v24.5 - https:\/\/yoast.com\/wordpress\/plugins\/seo\/ -->\n<title>Skijacke - Association Diff\u00e9rences Solidaires<\/title>\n<meta name=\"robots\" content=\"index, follow, max-snippet:-1, max-image-preview:large, max-video-preview:-1\" \/>\n<link rel=\"canonical\" href=\"https:\/\/www.differences-solidaires.ch\/de\/produkt\/skijacke\/\" \/>\n<meta property=\"og:locale\" content=\"de_DE\" \/>\n<meta property=\"og:type\" content=\"article\" \/>\n<meta property=\"og:title\" content=\"Skijacke - Association Diff\u00e9rences Solidaires\" \/>\n<meta property=\"og:url\" content=\"https:\/\/www.differences-solidaires.ch\/de\/produkt\/skijacke\/\" \/>\n<meta property=\"og:site_name\" content=\"Association Diff\u00e9rences Solidaires\" \/>\n<meta property=\"og:image\" content=\"https:\/\/www.differences-solidaires.ch\/wp-content\/uploads\/2022\/07\/veste_bleu_ciel-2.png\" \/>\n\t<meta property=\"og:image:width\" content=\"1672\" \/>\n\t<meta property=\"og:image:height\" content=\"1685\" \/>\n\t<meta property=\"og:image:type\" content=\"image\/png\" \/>\n<meta name=\"twitter:card\" content=\"summary_large_image\" \/>\n<script type=\"application\/ld+json\" class=\"yoast-schema-graph\">{\"@context\":\"https:\/\/schema.org\",\"@graph\":[{\"@type\":\"WebPage\",\"@id\":\"https:\/\/www.differences-solidaires.ch\/de\/produkt\/skijacke\/\",\"url\":\"https:\/\/www.differences-solidaires.ch\/de\/produkt\/skijacke\/\",\"name\":\"Skijacke - Association Diff\u00e9rences Solidaires\",\"isPartOf\":{\"@id\":\"https:\/\/www.differences-solidaires.ch\/de\/#website\"},\"primaryImageOfPage\":{\"@id\":\"https:\/\/www.differences-solidaires.ch\/de\/produkt\/skijacke\/#primaryimage\"},\"image\":{\"@id\":\"https:\/\/www.differences-solidaires.ch\/de\/produkt\/skijacke\/#primaryimage\"},\"thumbnailUrl\":\"https:\/\/www.differences-solidaires.ch\/wp-content\/uploads\/2022\/07\/veste_bleu_ciel-2.png\",\"datePublished\":\"2022-07-02T17:03:59+00:00\",\"breadcrumb\":{\"@id\":\"https:\/\/www.differences-solidaires.ch\/de\/produkt\/skijacke\/#breadcrumb\"},\"inLanguage\":\"de\",\"potentialAction\":[{\"@type\":\"ReadAction\",\"target\":[\"https:\/\/www.differences-solidaires.ch\/de\/produkt\/skijacke\/\"]}]},{\"@type\":\"ImageObject\",\"inLanguage\":\"de\",\"@id\":\"https:\/\/www.differences-solidaires.ch\/de\/produkt\/skijacke\/#primaryimage\",\"url\":\"https:\/\/www.differences-solidaires.ch\/wp-content\/uploads\/2022\/07\/veste_bleu_ciel-2.png\",\"contentUrl\":\"https:\/\/www.differences-solidaires.ch\/wp-content\/uploads\/2022\/07\/veste_bleu_ciel-2.png\",\"width\":1672,\"height\":1685},{\"@type\":\"BreadcrumbList\",\"@id\":\"https:\/\/www.differences-solidaires.ch\/de\/produkt\/skijacke\/#breadcrumb\",\"itemListElement\":[{\"@type\":\"ListItem\",\"position\":1,\"name\":\"Accueil\",\"item\":\"https:\/\/www.differences-solidaires.ch\/de\/\"},{\"@type\":\"ListItem\",\"position\":2,\"name\":\"Skijacke\"}]},{\"@type\":\"WebSite\",\"@id\":\"https:\/\/www.differences-solidaires.ch\/de\/#website\",\"url\":\"https:\/\/www.differences-solidaires.ch\/de\/\",\"name\":\"Association Diff\u00e9rences Solidaires\",\"description\":\"Activit\u00e9s sportives adapt\u00e9es\",\"potentialAction\":[{\"@type\":\"SearchAction\",\"target\":{\"@type\":\"EntryPoint\",\"urlTemplate\":\"https:\/\/www.differences-solidaires.ch\/de\/?s={search_term_string}\"},\"query-input\":{\"@type\":\"PropertyValueSpecification\",\"valueRequired\":true,\"valueName\":\"search_term_string\"}}],\"inLanguage\":\"de\"}]}<\/script>\n<!-- \/ Yoast SEO plugin. -->","yoast_head_json":{"title":"Skijacke - Association Diff\u00e9rences Solidaires","robots":{"index":"index","follow":"follow","max-snippet":"max-snippet:-1","max-image-preview":"max-image-preview:large","max-video-preview":"max-video-preview:-1"},"canonical":"https:\/\/www.differences-solidaires.ch\/de\/produkt\/skijacke\/","og_locale":"de_DE","og_type":"article","og_title":"Skijacke - Association Diff\u00e9rences Solidaires","og_url":"https:\/\/www.differences-solidaires.ch\/de\/produkt\/skijacke\/","og_site_name":"Association Diff\u00e9rences Solidaires","og_image":[{"width":1672,"height":1685,"url":"https:\/\/www.differences-solidaires.ch\/wp-content\/uploads\/2022\/07\/veste_bleu_ciel-2.png","type":"image\/png"}],"twitter_card":"summary_large_image","schema":{"@context":"https:\/\/schema.org","@graph":[{"@type":"WebPage","@id":"https:\/\/www.differences-solidaires.ch\/de\/produkt\/skijacke\/","url":"https:\/\/www.differences-solidaires.ch\/de\/produkt\/skijacke\/","name":"Skijacke - Association Diff\u00e9rences Solidaires","isPartOf":{"@id":"https:\/\/www.differences-solidaires.ch\/de\/#website"},"primaryImageOfPage":{"@id":"https:\/\/www.differences-solidaires.ch\/de\/produkt\/skijacke\/#primaryimage"},"image":{"@id":"https:\/\/www.differences-solidaires.ch\/de\/produkt\/skijacke\/#primaryimage"},"thumbnailUrl":"https:\/\/www.differences-solidaires.ch\/wp-content\/uploads\/2022\/07\/veste_bleu_ciel-2.png","datePublished":"2022-07-02T17:03:59+00:00","breadcrumb":{"@id":"https:\/\/www.differences-solidaires.ch\/de\/produkt\/skijacke\/#breadcrumb"},"inLanguage":"de","potentialAction":[{"@type":"ReadAction","target":["https:\/\/www.differences-solidaires.ch\/de\/produkt\/skijacke\/"]}]},{"@type":"ImageObject","inLanguage":"de","@id":"https:\/\/www.differences-solidaires.ch\/de\/produkt\/skijacke\/#primaryimage","url":"https:\/\/www.differences-solidaires.ch\/wp-content\/uploads\/2022\/07\/veste_bleu_ciel-2.png","contentUrl":"https:\/\/www.differences-solidaires.ch\/wp-content\/uploads\/2022\/07\/veste_bleu_ciel-2.png","width":1672,"height":1685},{"@type":"BreadcrumbList","@id":"https:\/\/www.differences-solidaires.ch\/de\/produkt\/skijacke\/#breadcrumb","itemListElement":[{"@type":"ListItem","position":1,"name":"Accueil","item":"https:\/\/www.differences-solidaires.ch\/de\/"},{"@type":"ListItem","position":2,"name":"Skijacke"}]},{"@type":"WebSite","@id":"https:\/\/www.differences-solidaires.ch\/de\/#website","url":"https:\/\/www.differences-solidaires.ch\/de\/","name":"Association Diff\u00e9rences Solidaires","description":"Activit\u00e9s sportives adapt\u00e9es","potentialAction":[{"@type":"SearchAction","target":{"@type":"EntryPoint","urlTemplate":"https:\/\/www.differences-solidaires.ch\/de\/?s={search_term_string}"},"query-input":{"@type":"PropertyValueSpecification","valueRequired":true,"valueName":"search_term_string"}}],"inLanguage":"de"}]}},"_links":{"self":[{"href":"https:\/\/www.differences-solidaires.ch\/de\/wp-json\/wp\/v2\/product\/6312","targetHints":{"allow":["GET"]}}],"collection":[{"href":"https:\/\/www.differences-solidaires.ch\/de\/wp-json\/wp\/v2\/product"}],"about":[{"href":"https:\/\/www.differences-solidaires.ch\/de\/wp-json\/wp\/v2\/types\/product"}],"replies":[{"embeddable":true,"href":"https:\/\/www.differences-solidaires.ch\/de\/wp-json\/wp\/v2\/comments?post=6312"}],"wp:featuredmedia":[{"embeddable":true,"href":"https:\/\/www.differences-solidaires.ch\/de\/wp-json\/wp\/v2\/media\/6347"}],"wp:attachment":[{"href":"https:\/\/www.differences-solidaires.ch\/de\/wp-json\/wp\/v2\/media?parent=6312"}],"wp:term":[{"taxonomy":"product_brand","embeddable":true,"href":"https:\/\/www.differences-solidaires.ch\/de\/wp-json\/wp\/v2\/product_brand?post=6312"},{"taxonomy":"product_cat","embeddable":true,"href":"https:\/\/www.differences-solidaires.ch\/de\/wp-json\/wp\/v2\/product_cat?post=6312"},{"taxonomy":"product_tag","embeddable":true,"href":"https:\/\/www.differences-solidaires.ch\/de\/wp-json\/wp\/v2\/product_tag?post=6312"}],"curies":[{"name":"wp","href":"https:\/\/api.w.org\/{rel}","templated":true}]}}

<!-- This site is optimized with the Yoast SEO plugin v24.5 - https://yoast.com/wordpress/plugins/seo/ -->
<title>Skijacke - Association Différences Solidaires</title>
<meta name="robots" content="index, follow, max-snippet:-1, max-image-preview:large, max-video-preview:-1" />
<link rel="canonical" href="https://www.differences-solidaires.ch/de/produkt/skijacke/" />
<meta property="og:locale" content="de_DE" />
<meta property="og:type" content="article" />
<meta property="og:title" content="Skijacke - Association Différences Solidaires" />
<meta property="og:url" content="https://www.differences-solidaires.ch/de/produkt/skijacke/" />
<meta property="og:site_name" content="Association Différences Solidaires" />
<meta property="og:image" content="https://www.differences-solidaires.ch/wp-content/uploads/2022/07/veste_bleu_ciel-2.png" />
	<meta property="og:image:width" content="1672" />
	<meta property="og:image:height" content="1685" />
	<meta property="og:image:type" content="image/png" />
<meta name="twitter:card" content="summary_large_image" />
<script type="application/ld+json" class="yoast-schema-graph">{"@context":"https://schema.org","@graph":[{"@type":"WebPage","@id":"https://www.differences-solidaires.ch/de/produkt/skijacke/","url":"https://www.differences-solidaires.ch/de/produkt/skijacke/","name":"Skijacke - Association Différences Solidaires","isPartOf":{"@id":"https://www.differences-solidaires.ch/de/#website"},"primaryImageOfPage":{"@id":"https://www.differences-solidaires.ch/de/produkt/skijacke/#primaryimage"},"image":{"@id":"https://www.differences-solidaires.ch/de/produkt/skijacke/#primaryimage"},"thumbnailUrl":"https://www.differences-solidaires.ch/wp-content/uploads/2022/07/veste_bleu_ciel-2.png","datePublished":"2022-07-02T17:03:59+00:00","breadcrumb":{"@id":"https://www.differences-solidaires.ch/de/produkt/skijacke/#breadcrumb"},"inLanguage":"de","potentialAction":[{"@type":"ReadAction","target":["https://www.differences-solidaires.ch/de/produkt/skijacke/"]}]},{"@type":"ImageObject","inLanguage":"de","@id":"https://www.differences-solidaires.ch/de/produkt/skijacke/#primaryimage","url":"https://www.differences-solidaires.ch/wp-content/uploads/2022/07/veste_bleu_ciel-2.png","contentUrl":"https://www.differences-solidaires.ch/wp-content/uploads/2022/07/veste_bleu_ciel-2.png","width":1672,"height":1685},{"@type":"BreadcrumbList","@id":"https://www.differences-solidaires.ch/de/produkt/skijacke/#breadcrumb","itemListElement":[{"@type":"ListItem","position":1,"name":"Accueil","item":"https://www.differences-solidaires.ch/de/"},{"@type":"ListItem","position":2,"name":"Skijacke"}]},{"@type":"WebSite","@id":"https://www.differences-solidaires.ch/de/#website","url":"https://www.differences-solidaires.ch/de/","name":"Association Différences Solidaires","description":"Activités sportives adaptées","potentialAction":[{"@type":"SearchAction","target":{"@type":"EntryPoint","urlTemplate":"https://www.differences-solidaires.ch/de/?s={search_term_string}"},"query-input":{"@type":"PropertyValueSpecification","valueRequired":true,"valueName":"search_term_string"}}],"inLanguage":"de"}]}</script>
<!-- / Yoast SEO plugin. -->

Skijacke - Association Différences Solidaires

Association Différences Solidaires

Activités sportives adaptées
